 + 3*f + 1/3*f**3. Determine d(-6).
3
Let a(b) = 2*b**3 + b**2 + 6*b - 18. Let c be a(2). Let g(k) = k**2 - 20*k + 16. Determine g(c).
-68
Let j be -2 + 4/1 + 0. Let w be -5 + j/(-4)*2. Let r(l) = 6*l + 52597 + l**2 - 52597. What is r(w)?
0
Let u(o) = -o**3 + 5*o**2 + 3. Let a(d) = d + 31. Let q be a(-7). Suppose q = 3*p + 4*m, -2*m + 12 = 2*m. Calculate u(p).
19
Let y(x) = 2*x**2 - 2 - 6*x + 4*x + x. Suppose -2 + 0 = -5*g + 4*j, 0 = -4*j + 8. Calculate y(g).
4
Let m(w) = -w**2 + 3*w + 1. Let y be 2/(4/(16/4)). Suppose y*u - 15 = -3*u. Calculate m(u).
1
Let q = -686 + 1373/2. Let k(w) be the first derivative of -11*w + 6 - q*w**2. What is k(0)?
-11
Let h(j) = -4. Let w(x) be the second derivative of -5*x + 5/2*x**2 + 1/6*x**3 + 0. Let a(n) = -4*h(n) - 3*w(n). Calculate a(2).
-5
Let w(o) = 41*o - 1. Let x(z) = -49*z. Let u(g) = -5*w(g) - 4*x(g). Determine u(4).
-31
Suppose 0 = -9*q + 129 - 30. Let v(f) = f**2 - 10*f - 3. Give v(q).
8
Let j(v) = -4*v + 1132 - 6*v - 1136 + 8*v. Suppose o = -5*m + 5*o + 10, 3*o = 4*m - 7. Let f be (m/(-4))/((-1)/(-6)). What is j(f)?
-10
Let a(n) = 7 + 5268*n**3 + n**2 - 5262*n**3 - 5 + n. Give a(2).
56
Let h(b) be the third derivative of -1/6*b**4 - b**2 + 0*b + 1/3*b**3 + 0. Suppose -2*y + 85 = 79. What is h(y)?
-10
Let i = -2 - -2. Let n(y) be the first derivative of -y**4/4 + 7*y - 143. Determine n(i).
7
Let p(q) = -q**3 + 2*q**2 - 3*q - 3. Suppose -5*b - 16 = -2*l, 3*b + 2 - 11 = -5*l. What is p(b)?
19
Let o(j) be the second derivative of j**5/20 - 3*j**4/4 + 4*j**3/3 - 3*j**2 + 143*j. Calculate o(8).
-6
Let z = -1680 + 1679. Let i(g) = -6*g - 2. Determine i(z).
4
Let q(l) = -l**2 + 5*l - 5. Let f(d) = d**3 + 6*d**2 - 5*d - 2. Let y be f(-7). Let z = y - -20. Suppose -z*n = -24 - 0. What is q(n)?
-11
Let r(q) = q - 9. Let p(n) = -16 - n - 4*n + 2. Let y be p(-4). Calculate r(y).
-3
Let w(z) = -3*z**3 + 9*z**2 - 5*z + 9. Let v(p) = 7*p**3 - 18*p**2 + 8*p - 17. Let s(b) = 2*v(b) + 5*w(b). Give s(8).
3
Let b(h) = h**2 - 8*h + 6. Suppose 4*p = -5*j + 74 + 3, -2*p - 2*j + 36 = 0. Let r(s) = 2*s**2 - 27*s + 17. Let v be r(p). Give b(v).
-10
Let n(j) = -10*j**3 - 7*j**2 - 9*j - 6. Let s(u) = -10*u**3 - 6*u**2 - 8*u - 5. Let r(t) = 6*n(t) - 7*s(t). Suppose 4*f + 0*f - 4 = 0. Calculate r(f).
11
Suppose 4*g + 57 = g - 3*w, 0 = -4*w. Let n = g + 23. Suppose -5*x = -3*f - 1 - 10, -n*x = 3*f - 25. Let q(m) = -4*m + 3. Calculate q(f).
-9
Suppose -4*k - 10 = 2*d + 46, -4*k = 16. Let n(v) = -v**2 - 17*v + 23. What is n(d)?
-37
Let v(q) be the second derivative of -q**3/6 + 3*q**2/2 + 4*q. Let j be 2/(-3) + (-28)/(-6). Let i(h) = h**2 - 5*h - 2. Let t be i(j). Determine v(t).
9
Let t(v) = v**2 + 12*v - 2. Let p = 1144 - 1156. Give t(p).
-2
Let m(b) = -b**2 + 17*b + 20. Let x be m(17). Let k(z) = -14 + x - z - 9. Suppose -3 = -h + n, -n - 1 - 2 = 0. Give k(h).
-3
Let p(d) = -5*d - 19. Let g(u) = -2*u**2 + 13*u - 11. Let m be g(6). What is p(m)?
6
Let h(z) = -14*z**2 - z + z - 27. Let v(m) = 136*m - 5*m**2 - 9 - 136*m. Let o(j) = 4*h(j) - 11*v(j). Determine o(0).
-9
Let a(p) = 11*p - 1 + 94*p**3 - 8*p - 3*p**2 - 93*p**3. Calculate a(2).
1
Let v(w) = w**3 + 23*w**2 + 101*w - 1. Let q be v(-17). Let y(k) = k - 18. Give y(q).
-2
Let u(a) = -a - 4. Let w(x) be the second derivative of -x**5/20 + 7*x**4/12 - 5*x**3/6 - 3*x**2/2 + 3*x. Let f be w(6). Suppose q = f - 0. Calculate u(q).
-7
Let p(a) = -1 - 2*a - 2*a + 5*a. Let f(s) be the second derivative of -s**4/12 + 5*s**3/6 - 2*s**2 - 117*s. Let o(g) = f(g) - 2*p(g). Give o(2).
0
Suppose -20 = 3*v - 8. Let s(l) = 0*l - 4*l**3 + 397*l**2 - 4 - 393*l**2 - 2*l + 5*l**3 + 0*l. Give s(v).
4
Let g be 1 + (-2)/(-3) - (-62)/186. Let z(y) = -g + 71*y - 2 - 35*y - 34*y. What is z(3)?
2
Let l(k) = -2 - 1313*k + 439*k + 440*k + 437*k. Determine l(0).
-2
Let p(x) = x**3 + 4*x**2 + 1. Let h = -71 + 68. What is p(h)?
10
Let h(l) = l - 8. Let b be h(10). Let r(k) = -k + b*k**2 - k**2 + 0*k - 1. Give r(2).
1
Let j(b) = -7*b**2 + 21*b + 2. Let l(q) = -6*q**2 + 21*q + 1. Let n(u) = 4*j(u) - 5*l(u). Calculate n(11).
14
Let t(v) = 37 - 34 - 5*v**2 + 33 - 4*v - 34 + v**2. Give t(-2).
-6
Suppose 37*u = -8*u + 630. Let f(v) = -v**3 + 15*v**2 - 13*v - 14. Give f(u).
0
Let z(b) = -3*b - 5. Suppose -5*x + 38 + 39 = u, -3*x + 3*u + 57 = 0. Let y be -2 - 4*3/x*4. What is z(y)?
10
Let z = 991 - 995. Let s(b) = -b**2 + 5*b + 31. Give s(z).
-5
Let n(f) be the second derivative of -5*f**3/6 - f**2 + 2*f. Let s = -74 + 36. Let m = -36 - s. Determine n(m).
-12
Let n(q) be the third derivative of q**5/60 - 3*q**4/8 - 2*q**3 - q**2. Let t(o) = -o**3 + 34*o**2 - 168*o + 9. Let z be t(28). Determine n(z).
-12
Let s(o) = -7*o + 3. Let j(d) = 6*d. Let p(b) = -j(b) - s(b). Suppose -3*q - 18 = 2*z, -4*q - 4 = z + 15. Give p(z).
-6
Let k(u) = -16*u + 5*u**2 + 4 - 7 + 0 + u**3 - 5. Determine k(-7).
6
Suppose 5*t - 4 = 6. Let z(h) = 0*h**2 + 0*h + h**2 - t + 1 + 4*h. Determine z(-5).
4
Suppose 4*m - 4*m = -5*m. Suppose 6*t + 0 + 6 = m. Let r(h) = 5*h**2 - 4*h**3 - 6*h**2 - h**2 - h. Determine r(t).
3
Let j(v) = 5*v. Let a(f) = -33*f - 1. Let d(m) = -a(m) - 6*j(m). Determine d(11).
34
Let w(f) = -f. Let k(v) = -3 - 26*v + 28*v + 3. Suppose -6 - 19 = -5*u. Let x(t) = u*w(t) + 2*k(t). Determine x(0).
0
Let q be 15/(-120) - (-438)/48. Let f(s) = -s**2 + 13*s - 40. What is f(q)?
-4
Let a be (-3)/2*(-12)/9. Let f(g) be the third derivative of -g**8/10080 + g**7/1680 + g**5/4 - 6*g**2. Let x(l) be the third derivative of f(l). Give x(a).
-2
Let y(v) = -v**2 + 20*v - 96. Let t be y(10). Let a(o) = o**2 + o - 4. Determine a(t).
16
Let s(g) = g**3 + 10*g**2 - 3*g - 20. Suppose 0 = q - j + 9, -5*q - 32 = 4*j + 22. Determine s(q).
10
Let c(l) = l**2 + 7*l - 14. Let n be c(-10). Suppose -4*u = -2*k - n, -2 = 5*k + u - 17. Let w(v) = 2*v**k + 5 + 2*v + 1 - 5 - 8*v**3. Give w(-1).
9
Let b(f) be the third derivative of f**6/120 + f**5/10 - 5*f**4/24 + 5*f**3/3 + f**2. Let d be (1/(-4)*2)/((-4)/8). Let v = -8 + d. Determine b(v).
-4
Let v(m) = 5*m**2 + 1. Suppose -3*w + 49 = -62. Let p = 36 - w. What is v(p)?
6
Suppose l - 6 = a, l - 14 = -a - 2*l. Let x(n) = -n**2 - 2. Let r(j) = -4*j**2 + 4. Let o(s) = -r(s) - 2*x(s). Calculate o(a).
6
Let y be 2/(0 - (-4)/(-10)). Let m(u) = -u**2 - 5*u - 1. Let d be m(y). Let t(n) = -33*n + 22*n + 8*n. Give t(d).
3
Let g(z) = -4*z - 2. Suppose -q = -5*q - 24. What is g(q)?
22
Let d(w) = -w**3 + w**2 - 3. Suppose 2*i = 2*s, 0 = s - i + 3*i + 9. Let v be s + (-4 - -2) + 5. Determine d(v).
-3
Let u(z) = -3505 + 3505 + z. Calculate u(-3).
-3
Let p(j) = -3*j**3 - 14*j**2 + 6*j + 2. Let h(a) = -2*a**3 - 12*a**2 + 5*a + 1. Let n(b) = 5*h(b) - 4*p(b). Let y(m) = -m + 7. Let d be y(4). What is n(d)?
18
Let y(k) = 5*k - 6. Suppose -z + 65 = 5*c + 4*z, 3*c + 5*z - 37 = 0. Suppose 3*q - 3 = -2*a + 11, a + c = 2*q. Give y(q).
24
Suppose 0 = -5*t + 2*l + 3 + 8, -5*t - l + 2 = 0. Let a(i) be the first derivative of 3 + i**2 - i - t - i. Calculate a(2).
2
Let n(h) = -h - 5. Let a(y) = -39*y - 1 + 1 + 40*y + 3. Let k be a(-3). Suppose k = -g + 2*g. Give n(g).
-5
Let r(u) = -u - 4. Suppose 12*y - 3*i = 17*y, 0 = y - 4*i. What is r(y)?
-4
Let c(x) be the third derivative of x**4/6 + x**3/2 - 17*x**2 - x. Let r = 7 + -4. Give c(r).
15
Let t(j) = 2*j**2 - 6*j - 5. Let h be (9/(-144)*-10)/(2/16). Calculate t(h).
15
Let w(n) be the first derivative of -n - 5/2*n**2 - 11. What is w(2)?
-11
Let t(p) = -6*p - 2 + 40 - 62. Calculate t(-10).
36
Let s(a) be the second derivative of -a + 1/12*a**4 + 0 - 1/2*a**2 + 1/3*a**3. Calculate s(-3).
2
Let o = 48 - 30. Let r(t) = -t**2 + 12*t + 10*t + 1 - o*t. Determine r(6).
-11
Let h(v) be the first derivative of v**4/4 - 2*v**3 - 2*v**2 - 16*v + 351. Give h(7).
5
Let z(q) = -q + 2. Suppose 7*k - 5*k = 4. Suppose k*d - d + 2*w - 12 = 0, -3*w = d - 14. Determine z(d).
-6
Let v(g) = -192 + 3*g + 64 + 61 - g**2 + 67. Give v(3).
0
Let m(s) = -s**2 + 9*s + 7. Let y be m(10). Let l be 2/(y*4/48). Let v(c) = -2*c - 11. What is v(l)?
5
Suppose -2*x - 4*t = 6, 0 = -t - 2*t. Let b(h) = -4*h**2 + 1 - 100*h + 97*h + 3*h**2. Give b(x).
1
Let g(w) = 7 + 8*w + 0 - 6 - 2. Give g(2).
15
Let a(v) = -v**2 - 15*v - 30. Let g be a(-12). Suppose -4*o = 6*l - l - 2, l = 5*o + 12. Let t(m) = -7*m - l*m + 3*m + m**